the tens digit of o?
2
Let s be 8/8 - (-1 + 0). Suppose -s*n - n = -24. What is the units digit of n?
8
Suppose -3*k + 4*n - 23 = 2*k, 2*k + 11 = n. Let i(p) = -3*p + 2. What is the units digit of i(k)?
3
Suppose 4*p - 3*p = -2*s + 252, -1204 = -5*p + 4*s. What is the units digit of p?
4
Let s be (-78)/4*(-4)/6. Let j be 8/4 - -1*s. Let a = -2 + j. What is the units digit of a?
3
Let k = 18 + 2. What is the tens digit of k?
2
Suppose 3*u + 460 = -8*q + 3*q, 0 = -3*u. What is the units digit of (-1)/(-3) + q/(-12)?
8
Let n = 8 + -4. Suppose 0 = -n*w + 13 + 7. What is the units digit of w?
5
What is the tens digit of (-18)/(9 - 3) + 86?
8
Let b(q) = 6*q**2 - 11*q + 5. Let j(y) = 5*y**2 - 11*y + 5. Let t(a) = -3*b(a) + 4*j(a). What is the tens digit of t(7)?
2
Let j = -8 + 8. Suppose 5*i - 50 = -j*i. What is the tens digit of i?
1
Let q be 1 + 1 + (-3 - -5). Suppose -3*f + 5*y = 1 - 5, 0 = -3*f + q*y + 8. Let b = f - 2. What is the units digit of b?
6
Suppose -3*h + 0*m = -2*m - 250, -m = 3*h - 235. Let r be (-3 + 1 + 2)/1. Suppose -v - 90 = -6*v - 3*y, r = 5*v + y - h. What is the tens digit of v?
1
Let z(c) = 6 - 6 + c. Let i be z(-1). What is the units digit of 4 - (-3 - 0/i)?
7
Suppose 5*u - 21 = 5*w + 9, -3*w = 4*u - 3. Suppose 6*q - 66 = u*q. Suppose 18 = 4*t - q. What is the tens digit of t?
1
Let b be -1 + (-2)/(-2) - -6. Let g = 3 + 1. Suppose 2*f + b*v = 3*v + 18, v - 26 = -g*f. What is the units digit of f?
6
Suppose 6*d - 3*d - 699 = 0. What is the hundreds digit of d?
2
Suppose f = -f. Suppose 3*o - o + 10 = f. Let j(x) = x**2 + 6*x + 7. What is the units digit of j(o)?
2
Let g(k) = k**2 + 8*k - 1. Let y(r) = -3*r**2 - 23*r + 3. Let a(c) = 17*g(c) + 6*y(c). What is the units digit of a(-2)?
1
Let y = 13 + -22. Let c(g) = g**2 + 9*g + 3. What is the units digit of c(y)?
3
Suppose -w - 2 = p - 4, -2*p - w = -6. Suppose -3*b + 3*g = -36, b + p*g - 42 = -b. What is the units digit of b?
5
Let b(o) = -2*o - 4. Let f be b(-3). What is the units digit of 19/f + 5/10?
0
Suppose 0 = -5*v + 3*j + 13, -1 = -v + j - 0. Let w be (-2 - 0)*(v - 4). What is the units digit of w/(-8) + 31/4?
8
Suppose -2*c + 1 = -5. Let p(z) = -1 - z**2 + 9*z - 9*z + 2*z**c. What is the tens digit of p(2)?
1
Suppose -4*m - 4*z = m - 18, -z + 2 = 0. Suppose 5*j - m*j = 4*g - 93, 4*g - 69 = -5*j. What is the units digit of g?
1
Let z(x) = -5*x. Let j = 2 - 6. Let b be (6/j - -1)*4. What is the units digit of z(b)?
0
Suppose -792 - 538 = -10*k. What is the hundreds digit of k?
1
Let q = -177 - -223. What is the units digit of q?
6
Let n be 6/(-2) + 1 + 5. Let b(c) = 2*c - 4. Let g be b(n). Let q(r) = 2*r**2 + 2*r - 3. What is the units digit of q(g)?
9
Suppose 2*r + 162 = -r. What is the units digit of (4/(-6))/(4/r)?
9
Let b(m) = 15*m - 35. What is the hundreds digit of b(11)?
1
Let x = 12 + -12. Suppose 0 = -o - x*o + 43. What is the tens digit of o?
4
Let l(z) be the third derivative of -z**4/12 - 7*z**3/6 + 3*z**2. Let o be l(-5). Suppose o*a + 13 = 4*a. What is the units digit of a?
3
Suppose 0 = 11*l - 10*l - 44. What is the tens digit of l?
4
Let n(m) = -m**3 + 5*m**2 + 6*m - 7. Let f be n(6). Let i = f - 1. What is the units digit of 2/8 - 54/i?
7
Suppose 5 - 55 = -5*k. Let b(m) = m**3 - 9*m**2 - 10*m + 12. What is the tens digit of b(k)?
1
Let k = 16 + -11. Suppose -5*i + l + 112 = 14, -2*i = 4*l - 48. Suppose 7*r - 3*r = 0, k*b = -5*r + i. What is the units digit of b?
4
Suppose 0*t - 6*t = -420. What is the tens digit of t?
7
Suppose 2*b + 2*h - 12 = 0, -h = -4*b + 2*h + 52. Suppose -59 = -3*c - n - 7, b = -2*n. What is the units digit of c?
9
Suppose 4*y + 172 = 5*w, y + y = 4*w - 134. What is the tens digit of w?
3
Suppose 4*m + 4*w + w = 51, 0 = -m - 3*w + 11. Let s = 1 + -3. Let b = m - s. What is the tens digit of b?
1
Let h = -1 - -7. Let b(d) = -d**3 + 5*d**2 + 8*d - 5. What is the units digit of b(h)?
7
Let z(t) be the third derivative of t**5/10 - t**3/6 - t**2. Let k = 2 - 3. What is the units digit of z(k)?
5
Let h(p) = p**2 + p - 1. What is the units digit of h(-3)?
5
Suppose -w - 1 + 4 = 0. Suppose w*x = 7*x - 68. What is the units digit of x?
7
Let j(c) = c**3 + 6*c**2 - c - 5. Let w be j(-6). Let s be -1 + w - 1/(-1). What is the units digit of 6 + ((-6)/s)/(-3)?
8
Suppose 0 = -5*n - 5*j + 345, -2*n + 145 = 3*j - 8*j. Suppose -k = 4*k - n. What is the units digit of k?
4
Suppose -3*t + 9 = 2*d - 8, 0 = -d + 4*t + 3. Let g(q) = 5*q**3 + d*q**3 - 5*q + 4*q. What is the tens digit of g(1)?
1
Suppose -5*h = 0, 0*v - v - 5*h + 93 = 0. What is the units digit of v?
3
Let r(j) be the third derivative of j**5/60 + j**4/8 + 3*j**3/2 + 5*j**2. What is the tens digit of r(-7)?
3
Suppose -6*a - 393 = -2649. What is the tens digit of a?
7
Let l(p) be the third derivative of 3*p**6/40 + p**5/30 - p**4/24 + 2*p**2. What is the tens digit of l(1)?
1
Let v = 27 + -23. What is the units digit of v?
4
Let p be ((-132)/8)/(3/(-8)). Let x = p + -25. What is the tens digit of x?
1
Let m = 22 + 104. What is the units digit of 1/(2/m) + -3?
0
Let i = -13 + 34. Let z = i - 5. What is the units digit of z?
6
Let j = 10 - -39. What is the tens digit of j?
4
Let r = -53 + 21. Let k = r - -46. What is the tens digit of k?
1
Let r = -2 - -4. Let w = 6 - r. Suppose -i + x + 13 = 0, 3*x = w*x + 2. What is the units digit of i?
1
Let a(v) = -5*v - 7. Let j(k) = 4*k + 3 + 0*k - k. Let p(g) = 4*a(g) + 7*j(g). What is the units digit of p(9)?
2
Let b be -5 + 9 + 1 + -1. Suppose 31 = b*t - 65. What is the tens digit of t?
2
Let a(w) = 58*w - 3. What is the units digit of a(1)?
5
Let b = -149 + 356. What is the hundreds digit of b?
2
What is the units digit of 1*-3 + 123 + (-5 - -1)?
6
Let n = -57 - -169. What is the units digit of n?
2
Suppose 0 = -3*f - 252 + 12. Let u = -55 - f. What is the units digit of u?
5
Suppose -i = -3*q + q - 92, 0 = -5*q. What is the tens digit of i?
9
Let b(w) = w**2 - 9*w - 5. Let q be b(10). Suppose 0 = -c - 4, -q*p + c + 10 = -24. What is the units digit of p?
6
Let y be 4/(-6) + 4/(-3). Let g(u) = u**2 - 4*u - 2. Let z(a) = -a. Let x(m) = g(m) - 2*z(m). What is the units digit of x(y)?
6
What is the units digit of (1 + (-2 - 5/(-3)))*111?
4
Let k = -13 + 27. Suppose -3*l = t + 11, l + t + k = -3*l. What is the units digit of 2/((3/l)/(-3))?
6
Let m be (-3)/(-4) + 45/20. Suppose -4*p - 5*a + 87 = 0, 5*a - 4*a + 51 = m*p. What is the units digit of p?
8
Let b = 14 - 9. Suppose 5*y = b*p, 0 = p + 3*p + 5*y + 18. What is the units digit of (5/10)/(p/(-16))?
4
Suppose -4*k = 20, -2*w + 4*k + 22 = -0*k. What is the units digit of w?
1
Let f(v) = -v**2 - 3*v + 2. Let o be f(-3). Suppose 24 = -0*k + o*k. What is the units digit of k?
2
Let m(l) = -l**2 + l - 16. Let b be m(0). Let s(g) = -22*g**3 + 1. Let a be s(-1). Let x = a + b. What is the units digit of x?
7
Let i(o) be the first derivative of 9*o**4/4 + 2*o**3/3 - o**2 + o + 2. What is the tens digit of i(1)?
1
Suppose r = -0*r + 4. Suppose -x + 0*c = -4*c + 2, -2*c = -r*x + 48. What is the tens digit of x?
1
Suppose 7 + 163 = k + 3*g, 3*k = 5*g + 454. What is the tens digit of k?
5
Let r(c) = -c - 1. Let k be r(-4). Suppose l = -k*l + 28. What is the units digit of ((-21)/l)/((-3)/5)?
5
Let a = 9 + -5. Suppose i - 2*q = -2, -56 = 2*i + i + a*q. Let d = -7 - i. What is the units digit of d?
5
Let g = 161 + 66. What is the units digit of g?
7
Let f = 22 - 4. What is the tens digit of f?
1
Suppose 5*i - 12 = 2*i. Suppose m = -i*m + 50. What is the tens digit of m?
1
Suppose 5*t + s = 315, 5*s + 0*s = 0. What is the units digit of t?
3
Suppose -2*g + 3*h + 0*h - 11 = 0, -2*g - 5*h + 13 = 0. Let m be g - 2*(-3)/2. Let v = 3 - m. What is the units digit of v?
1
Suppose 3*y = -5*g - 536, 2*g - 48 = 2*y - 256. Let v = 169 + g. Suppose 54 = 4*z + 5*f, -4*z - 4*f + v = z. What is the units digit of z?
1
Suppose -8*q + 10 = -62. What is the units digit of q?
9
Let t = -7 + 4. Let v(z) = -z**2 - 2*z + 1. Let y be v(t). What is the tens digit of (-11)/y*(-1 - -3)?
1
Let v = -8 + 11. Suppose z = v*m - 8 - 5, -3*z = 2*m - 16. Suppose m*i - 15 = 5*s, 2*s + s - 16 = -2*i. What is the units digit of s?
2
Suppose m + 0 - 108 = 0. Suppose -m = x - 4*x. What is the units digit of x?
6
Suppose 2*f = 2*q + 2*q - 22, 